igit of 345308?
0
What is the ten thousands digit of 575404?
7
What is the units digit of 35988051?
1
What is the hundreds digit of 436143?
1
What is the tens digit of 1577156?
5
What is the hundreds digit of 6243423?
4
What is the hundreds digit of 7849548?
5
What is the millions digit of 17717104?
7
What is the millions digit of 5438351?
5
What is the thousands digit of 492916?
2
What is the millions digit of 1714980?
1
What is the millions digit of 6954045?
6
What is the tens digit of 88025?
2
What is the hundreds digit of 723418?
4
What is the thousands digit of 4684659?
4
What is the hundreds digit of 71975?
9
What is the ten thousands digit of 997560?
9
What is the tens digit of 720176?
7
What is the hundred thousands digit of 4964260?
9
What is the hundreds digit of 244228?
2
What is the thousands digit of 4021130?
1
What is the hundreds digit of 985516?
5
What is the tens digit of 8396467?
6
What is the thousands digit of 247701?
7
What is the hundred thousands digit of 1801356?
8
What is the hundreds digit of 191263?
2
What is the hundreds digit of 472606?
6
What is the units digit of 6274106?
6
What is the units digit of 3205898?
8
What is the ten thousands digit of 30697166?
9
What is the hundred thousands digit of 939213?
9
What is the ten thousands digit of 10751791?
5
What is the tens digit of 10275?
7
What is the units digit of 754565?
5
What is the hundreds digit of 1175398?
3
What is the hundreds digit of 1555648?
6
What is the tens digit of 8787404?
0
What is the ten thousands digit of 50854?
5
What is the hundreds digit of 877302?
3
What is the tens digit of 1579014?
1
What is the ten thousands digit of 705041?
0
What is the thousands digit of 333609?
3
What is the thousands digit of 573252?
3
What is the hundreds digit of 14010236?
2
What is the ten thousands digit of 3855239?
5
What is the hundred thousands digit of 400493?
4
What is the hundreds digit of 2729711?
7
What is the tens digit of 2630611?
1
What is the hundreds digit of 1003316?
3
What is the ten thousands digit of 1924301?
2
What is the tens digit of 107829?
2
What is the thousands digit of 242604?
2
What is the units digit of 1283843?
3
What is the ten thousands digit of 798279?
9
What is the hundreds digit of 1540494?
4
What is the tens digit of 255691?
9
What is the ten millions digit of 17000904?
1
What is the hundreds digit of 531641?
6
What is the thousands digit of 2306?
2
What is the tens digit of 80511?
1
What is the tens digit of 817602?
0
What is the thousands digit of 2324136?
4
What is the units digit of 156445?
5
What is the hundreds digit of 854213?
2
What is the hundred thousands digit of 743910?
7
What is the tens digit of 1814?
1
What is the millions digit of 3149065?
3
What is the units digit of 6308745?
5
What is the units digit of 12310631?
1
What is the tens digit of 569711?
1
What is the hundreds digit of 30956737?
7
What is the tens digit of 11083892?
9
What is the ten thousands digit of 9536005?
3
What is the units digit of 21846?
6
What is the hundred thousands digit of 20728063?
7
What is the hundred thousands digit of 181932?
1
What is the units digit of 325468?
8
What is the units digit of 253890?
0
What is the hundred thousands digit of 6675585?
6
What is the millions digit of 33208644?
3
What is the tens digit of 4077712?
1
What is the millions digit of 1457114?
1
What is the tens digit of 7392079?
7
What is the hundred thousands digit of 1781999?
7
What is the thousands digit of 10500618?
0
What is the hundred thousands digit of 818430?
8
What is the thousands digit of 254042?
4
What is the hundred thousands digit of 13181257?
1
What is the millions digit of 13781517?
3
What is the hundred thousands digit of 6814109?
8
What is the hundreds digit of 210492?
4
What is the units digit of 17948029?
9
What is the units digit of 588539?
9
What is the hundreds digit of 305938?
9
What is the tens digit of 6745323?
2
What is the thousands digit of 58601?
8
What is the hundred thousands digit of 1362474?
3
What is the hundred thousands digit of 118434?
1
What is the thousands digit of 11487518?
7
What is the tens digit of 388701?
0
What is the hundreds digit of 24056?
0
What is the hundred thousands digit of 1168288?
1
What is the millions digit of 3063879?
3
What is the thousands digit of 146243?
6
What is the thousands digit of 278983?
8
What is the hundred thousands digit of 388096?
3
What is the tens digit of 302914?
1
What is the hundred thousands digit of 1768403?
7
What is the hundreds digit of 945705?
7
What is the hundreds digit of 21737031?
0
What is the thousands digit of 377179?
7
What is the tens digit of 2436171?
7
What is the ten thousands digit of 4588176?
8
What is the thousands digit of 286120?
6
What is the hundred thousands digit of 194105?
1
What is the hundreds digit of 172891?
8
What is the ten thousands digit of 1252051?
5
What is the ten thousands digit of 101853?
0
What is the hundred thousands digit of 2719882?
7
What is the ten millions digit of 21724126?
2
What is the tens digit of 3562277?
7
What is the hundred thousands digit of 249083?
2
What is the hundred thousands digit of 3919710?
9
What is the thousands digit of 133027?
3
What is the ten thousands digit of 3849782?
4
What is the hundreds digit of 512450?
4
What is the tens digit of 6273855?
5
What is the units digit of 299305?
5
What is the tens digit of 2284886?
8
What is the thousands digit of 1072554?
2
What is the hundred thousands digit of 617667?
6
What is the ten thousands digit of 34461?
3
What is the hundreds digit of 516934?
9
What is the ten thousands digit of 16847830?
4
What is the units digit of 93694?
4
What is the tens digit of 585093?
9
What is the tens digit of 21892?
9
What is the ten thousands digit of 1436515?
3
What is the units digit of 326593?
3
What is the ten thousands digit of 38280555?
8
What is the units digit of 139786?
6
What is the tens digit of 7147899?
9
What is the hundreds digit of 1078534?
5
What is the units digit of 140276?
6
What is the units digit of 194653?
3
What is the thousands digit of 8431490?
1
What is the tens digit of 1787189?
8
What is the ten thousands digit of 614429?
1
What is the ten thousands digit of 8761529?
6
What is the millions digit of 2227690?
2
What is the thousands digit of 540717?
0
What is the hundreds digit of 3530131?
1
What is the hundred thousands digit of 4413172?
4
What is the units digit of 4727744?
4
What is the units digit of 136782?
2
What is the hundreds digit of 590457?
4
What is the thousands digit of 291028?
1
What is the hundred thousands digit of 4317779?
3
What is the thousands digit of 10377103?
7
What is the thousands digit of 639444?
9
What is the units digit of 3118963?
3
What is the units digit of 872776?
6
What is the millions digit of 3524318?
3
What is the units digit of 153614?
4
What is the ten thousands digit of 39051726?
5
What is the thousands digit of 139501?
9
What is the hundreds digit of 9848260?
2
What is the tens digit of 1486849?
4
What is the thousands digit of 363020?
3
What is the ten thousands digit of 555559?
5
What is the hundreds digit of 1537750?
7
What is the tens digit of 1599454?
5
What is the hundred thousands digit of 557406?
5
What is the units digit of 58367?
7
What is the units digit of 2359101?
1
What is the ten millions digit of 18509327?
1
What is the hundreds digit of 677705?
7
What is the ten thousands digit of 538008?
3
What is the tens digit of 8309440?
4
What is the tens digit of 512549?
4
What is the millions digit of 1484827?
1
What is the hundreds digit of 1611289?
2
What is the thousands digit of 70506?
0
What is the ten thousands digit of 76070?
7
What is the ten thousands digit of 1199060?
9
What is the millions digit of 11124388?
1
What is the tens digit of 1884133?
3
What is the tens digit of 13405430?
3
What is the tens digit of 213723?
2
What is the hundred thousands digit of 1572242?
5
What is the units digit of 55286?
6
What is the hundred thousands digit of 23648868?
6
What is the thousands digit of 3653?
3
What is the tens digit of 311314?
1
What is the millions digit of 14428376?
4
What is the thousands digit of 1219507?
9
What is the ten thousands digit of 1833152?
3
What is the ten thousands digit of 2245